{"id":1412,"date":"2025-11-08T14:18:44","date_gmt":"2025-11-08T13:18:44","guid":{"rendered":"https:\/\/v3.udg-sound.com\/?post_type=product&#038;p=1412"},"modified":"2025-11-08T14:18:52","modified_gmt":"2025-11-08T13:18:52","slug":"udg-sound-moyen-kit-dj","status":"publish","type":"product","link":"https:\/\/v3.udg-sound.com\/?product=udg-sound-moyen-kit-dj","title":{"rendered":"UDG-Sound Moyen kit DJ"},"content":{"rendered":"<p>Id\u00e9al pour : <\/p>\n<p>Mariage (soir\u00e9e dansante)<\/p>\n<p>Soir\u00e9e d\u2019entreprise \/ gala<\/p>\n<p>Anniversaire ou soir\u00e9e priv\u00e9e<\/p>\n<p>Bal ou soir\u00e9e \u00e9tudiante<\/p>\n<p>F\u00eate de village \/ f\u00eate de quartier<\/p>\n<p>Afterwork ou garden party avec DJ<\/p>\n<p>Club \u00e9ph\u00e9m\u00e8re ou \u00e9v\u00e9nement festif int\u00e9rieur<\/p>\n<p>Soir\u00e9e DJ en ext\u00e9rieur (garden party, plage, rooftop)<\/p>\n<p>Lancement de produit avec animation musicale<\/p>\n<p>Festival ou mini-festival (sc\u00e8ne secondaire ou set lounge)<\/p>\n<p>Soir\u00e9e th\u00e9matique ou costume \/ Halloween<\/p>\n<p>R\u00e9ception avec espace danse d\u00e9di\u00e9<\/p>\n<p>Soir\u00e9e caritative ou \u00e9v\u00e9nement associatif<\/p>\n<p>C\u00e9r\u00e9monie avec partie musicale anim\u00e9e<\/p>\n<p>Cocktail musical (DJ pour ambiance lounge puis dancefloor)<\/p>\n","protected":false},"excerpt":{"rendered":"<p>Moyen kit DJ<\/p>\n","protected":false},"featured_media":1427,"comment_status":"open","ping_status":"closed","template":"","meta":[],"product_brand":[103],"product_cat":[272],"product_tag":[],"class_list":{"0":"post-1412","1":"product","2":"type-product","3":"status-publish","4":"has-post-thumbnail","6":"product_brand-udg-sound","7":"product_cat-dj","9":"first","10":"instock","11":"shipping-taxable","12":"purchasable","13":"product-type-simple"},"_links":{"self":[{"href":"https:\/\/v3.udg-sound.com\/index.php?rest_route=\/wp\/v2\/product\/1412","targetHints":{"allow":["GET"]}}],"collection":[{"href":"https:\/\/v3.udg-sound.com\/index.php?rest_route=\/wp\/v2\/product"}],"about":[{"href":"https:\/\/v3.udg-sound.com\/index.php?rest_route=\/wp\/v2\/types\/product"}],"replies":[{"embeddable":true,"href":"https:\/\/v3.udg-sound.com\/index.php?rest_route=%2Fwp%2Fv2%2Fcomments&post=1412"}],"version-history":[{"count":0,"href":"https:\/\/v3.udg-sound.com\/index.php?rest_route=\/wp\/v2\/product\/1412\/revisions"}],"wp:featuredmedia":[{"embeddable":true,"href":"https:\/\/v3.udg-sound.com\/index.php?rest_route=\/wp\/v2\/media\/1427"}],"wp:attachment":[{"href":"https:\/\/v3.udg-sound.com\/index.php?rest_route=%2Fwp%2Fv2%2Fmedia&parent=1412"}],"wp:term":[{"taxonomy":"product_brand","embeddable":true,"href":"https:\/\/v3.udg-sound.com\/index.php?rest_route=%2Fwp%2Fv2%2Fproduct_brand&post=1412"},{"taxonomy":"product_cat","embeddable":true,"href":"https:\/\/v3.udg-sound.com\/index.php?rest_route=%2Fwp%2Fv2%2Fproduct_cat&post=1412"},{"taxonomy":"product_tag","embeddable":true,"href":"https:\/\/v3.udg-sound.com\/index.php?rest_route=%2Fwp%2Fv2%2Fproduct_tag&post=1412"}],"curies":[{"name":"wp","href":"https:\/\/api.w.org\/{rel}","templated":true}]}}